{"id":3470,"date":"2023-12-28T10:20:17","date_gmt":"2023-12-28T10:20:17","guid":{"rendered":"https:\/\/cristinasantiagocentroestetico.es\/?page_id=3470"},"modified":"2023-12-28T10:39:21","modified_gmt":"2023-12-28T10:39:21","slug":"ceras-caliente-y-fria","status":"publish","type":"page","link":"https:\/\/cristinasantiagocentroestetico.es\/eu\/ceras-caliente-y-fria\/","title":{"rendered":"Ceras: caliente y fria"},"content":{"rendered":"<div data-elementor-type=\"wp-page\" data-elementor-id=\"3470\" class=\"elementor elementor-3470\" data-elementor-post-type=\"page\">\n\t\t\t\t\t\t<section class=\"elementor-section elementor-top-section elementor-element elementor-element-b89239a elementor-section-boxed elementor-section-height-default elementor-section-height-default\" data-id=\"b89239a\" data-element_type=\"section\" data-e-type=\"section\" data-settings=\"{&quot;background_background&quot;:&quot;classic&quot;}\">\n\t\t\t\t\t\t\t<div class=\"elementor-background-overlay\"><\/div>\n\t\t\t\t\t\t\t<div class=\"elementor-container elementor-column-gap-default\">\n\t\t\t\t\t<div class=\"elementor-column elementor-col-100 elementor-top-column elementor-element elementor-element-b2f18ac\" data-id=\"b2f18ac\" data-element_type=\"column\" data-e-type=\"column\">\n\t\t\t<div class=\"elementor-widget-wrap\">\n\t\t\t\t\t\t\t<\/div>\n\t\t<\/div>\n\t\t\t\t\t<\/div>\n\t\t<\/section>\n\t\t<div class=\"elementor-element elementor-element-8f7c639 e-flex e-con-boxed e-con e-parent\" data-id=\"8f7c639\" data-element_type=\"container\" data-e-type=\"container\">\n\t\t\t\t\t<div class=\"e-con-inner\">\n\t\t\t\t<div class=\"elementor-element elementor-element-1acff0a elementor-widget elementor-widget-spacer\" data-id=\"1acff0a\" data-element_type=\"widget\" data-e-type=\"widget\" data-widget_type=\"spacer.default\">\n\t\t\t\t<div class=\"elementor-widget-container\">\n\t\t\t\t\t\t\t<div class=\"elementor-spacer\">\n\t\t\t<div class=\"elementor-spacer-inner\"><\/div>\n\t\t<\/div>\n\t\t\t\t\t\t<\/div>\n\t\t\t\t<\/div>\n\t\t\t\t\t<\/div>\n\t\t\t\t<\/div>\n\t\t<div class=\"elementor-element elementor-element-502237a e-flex e-con-boxed e-con e-parent\" data-id=\"502237a\" data-element_type=\"container\" data-e-type=\"container\">\n\t\t\t\t\t<div class=\"e-con-inner\">\n\t\t\t\t<div class=\"elementor-element elementor-element-8b391ad elementor-widget elementor-widget-heading\" data-id=\"8b391ad\" data-element_type=\"widget\" data-e-type=\"widget\" data-widget_type=\"heading.default\">\n\t\t\t\t<div class=\"elementor-widget-container\">\n\t\t\t\t\t<h2 class=\"elementor-heading-title elementor-size-default\">Ceras: caliente y fria<\/h2>\t\t\t\t<\/div>\n\t\t\t\t<\/div>\n\t\t\t\t\t<\/div>\n\t\t\t\t<\/div>\n\t\t<div class=\"elementor-element elementor-element-a857f02 e-flex e-con-boxed e-con e-parent\" data-id=\"a857f02\" data-element_type=\"container\" data-e-type=\"container\">\n\t\t\t\t\t<div class=\"e-con-inner\">\n\t\t\t\t<div class=\"elementor-element elementor-element-4123ead elementor-widget-divider--view-line elementor-widget elementor-widget-divider\" data-id=\"4123ead\" data-element_type=\"widget\" data-e-type=\"widget\" data-widget_type=\"divider.default\">\n\t\t\t\t<div class=\"elementor-widget-container\">\n\t\t\t\t\t\t\t<div class=\"elementor-divider\">\n\t\t\t<span class=\"elementor-divider-separator\">\n\t\t\t\t\t\t<\/span>\n\t\t<\/div>\n\t\t\t\t\t\t<\/div>\n\t\t\t\t<\/div>\n\t\t\t\t\t<\/div>\n\t\t\t\t<\/div>\n\t\t<div class=\"elementor-element elementor-element-86478fb e-flex e-con-boxed e-con e-parent\" data-id=\"86478fb\" data-element_type=\"container\" data-e-type=\"container\">\n\t\t\t\t\t<div class=\"e-con-inner\">\n\t\t\t\t<div class=\"elementor-element elementor-element-45bc193 elementor-widget elementor-widget-text-editor\" data-id=\"45bc193\" data-element_type=\"widget\" data-e-type=\"widget\" data-widget_type=\"text-editor.default\">\n\t\t\t\t<div class=\"elementor-widget-container\">\n\t\t\t\t\t\t\t\t\t<p>La depilaci\u00f3n con cera caliente es ideal para eliminar el vello m\u00e1s grueso, pero el proceso lleva m\u00e1s tiempo que la depilaci\u00f3n con cera fr\u00eda.\u00a0<\/p><p>A largo plazo, la\u00a0depilaci\u00f3n con cera requerir\u00e1 menos tratamientos, por lo que tu piel estar\u00e1 m\u00e1s cuidada que en el caso de la\u00a0cuchilla<\/p>\t\t\t\t\t\t\t\t<\/div>\n\t\t\t\t<\/div>\n\t\t\t\t\t<\/div>\n\t\t\t\t<\/div>\n\t\t<div class=\"elementor-element elementor-element-492438a e-flex e-con-boxed e-con e-parent\" data-id=\"492438a\" data-element_type=\"container\" data-e-type=\"container\">\n\t\t\t\t\t<div class=\"e-con-inner\">\n\t\t<div class=\"elementor-element elementor-element-f96d4cc e-con-full e-flex e-con e-child\" data-id=\"f96d4cc\" data-element_type=\"container\" data-e-type=\"container\">\n\t\t\t\t<div class=\"elementor-element elementor-element-10d3744 elementor-widget elementor-widget-image\" data-id=\"10d3744\" data-element_type=\"widget\" data-e-type=\"widget\" data-widget_type=\"image.default\">\n\t\t\t\t<div class=\"elementor-widget-container\">\n\t\t\t\t\t\t\t\t\t\t\t\t\t\t\t<img fetchpriority=\"high\" decoding=\"async\" width=\"800\" height=\"533\" src=\"https:\/\/cristinasantiagocentroestetico.es\/wp-content\/uploads\/2023\/12\/close-up-of-cosmetologist-that-heating-wax-1024x682.jpg\" class=\"attachment-large size-large wp-image-3476\" alt=\"Close up of cosmetologist that heating wax\" srcset=\"https:\/\/cristinasantiagocentroestetico.es\/wp-content\/uploads\/2023\/12\/close-up-of-cosmetologist-that-heating-wax-1024x682.jpg 1024w, https:\/\/cristinasantiagocentroestetico.es\/wp-content\/uploads\/2023\/12\/close-up-of-cosmetologist-that-heating-wax-600x400.jpg 600w, https:\/\/cristinasantiagocentroestetico.es\/wp-content\/uploads\/2023\/12\/close-up-of-cosmetologist-that-heating-wax-300x200.jpg 300w, https:\/\/cristinasantiagocentroestetico.es\/wp-content\/uploads\/2023\/12\/close-up-of-cosmetologist-that-heating-wax-768x512.jpg 768w, https:\/\/cristinasantiagocentroestetico.es\/wp-content\/uploads\/2023\/12\/close-up-of-cosmetologist-that-heating-wax-1536x1024.jpg 1536w, https:\/\/cristinasantiagocentroestetico.es\/wp-content\/uploads\/2023\/12\/close-up-of-cosmetologist-that-heating-wax-18x12.jpg 18w, https:\/\/cristinasantiagocentroestetico.es\/wp-content\/uploads\/2023\/12\/close-up-of-cosmetologist-that-heating-wax.jpg 2000w\" sizes=\"(max-width: 800px) 100vw, 800px\" \/>\t\t\t\t\t\t\t\t\t\t\t\t\t\t\t<\/div>\n\t\t\t\t<\/div>\n\t\t\t\t<\/div>\n\t\t<div class=\"elementor-element elementor-element-d5e14a8 e-con-full e-flex e-con e-child\" data-id=\"d5e14a8\" data-element_type=\"container\" data-e-type=\"container\">\n\t\t\t\t<div class=\"elementor-element elementor-element-fd3d35d elementor-widget elementor-widget-image\" data-id=\"fd3d35d\" data-element_type=\"widget\" data-e-type=\"widget\" data-widget_type=\"image.default\">\n\t\t\t\t<div class=\"elementor-widget-container\">\n\t\t\t\t\t\t\t\t\t\t\t\t\t\t\t<img decoding=\"async\" width=\"800\" height=\"533\" src=\"https:\/\/cristinasantiagocentroestetico.es\/wp-content\/uploads\/2023\/12\/female-legs-hair-removal-with-wax-in-beauty-salon-1024x682.jpg\" class=\"attachment-large size-large wp-image-3477\" alt=\"female legs hair removal with wax in beauty salon\" srcset=\"https:\/\/cristinasantiagocentroestetico.es\/wp-content\/uploads\/2023\/12\/female-legs-hair-removal-with-wax-in-beauty-salon-1024x682.jpg 1024w, https:\/\/cristinasantiagocentroestetico.es\/wp-content\/uploads\/2023\/12\/female-legs-hair-removal-with-wax-in-beauty-salon-600x400.jpg 600w, https:\/\/cristinasantiagocentroestetico.es\/wp-content\/uploads\/2023\/12\/female-legs-hair-removal-with-wax-in-beauty-salon-300x200.jpg 300w, https:\/\/cristinasantiagocentroestetico.es\/wp-content\/uploads\/2023\/12\/female-legs-hair-removal-with-wax-in-beauty-salon-768x512.jpg 768w, https:\/\/cristinasantiagocentroestetico.es\/wp-content\/uploads\/2023\/12\/female-legs-hair-removal-with-wax-in-beauty-salon-1536x1024.jpg 1536w, https:\/\/cristinasantiagocentroestetico.es\/wp-content\/uploads\/2023\/12\/female-legs-hair-removal-with-wax-in-beauty-salon-18x12.jpg 18w, https:\/\/cristinasantiagocentroestetico.es\/wp-content\/uploads\/2023\/12\/female-legs-hair-removal-with-wax-in-beauty-salon.jpg 2000w\" sizes=\"(max-width: 800px) 100vw, 800px\" \/>\t\t\t\t\t\t\t\t\t\t\t\t\t\t\t<\/div>\n\t\t\t\t<\/div>\n\t\t\t\t<\/div>\n\t\t\t\t\t<\/div>\n\t\t\t\t<\/div>\n\t\t\t\t<\/div>","protected":false},"excerpt":{"rendered":"<p>Ceras: caliente y fria La depilaci\u00f3n con cera caliente es ideal para eliminar el vello m\u00e1s grueso, pero el proceso lleva m\u00e1s tiempo que la depilaci\u00f3n con cera fr\u00eda.\u00a0 A largo plazo, la\u00a0depilaci\u00f3n con cera requerir\u00e1 menos tratamientos, por lo que tu piel estar\u00e1 m\u00e1s cuidada que en el caso de la\u00a0cuchilla<\/p>","protected":false},"author":1,"featured_media":38,"parent":0,"menu_order":0,"comment_status":"closed","ping_status":"closed","template":"elementor_canvas","meta":{"footnotes":""},"class_list":["post-3470","page","type-page","status-publish","has-post-thumbnail","hentry"],"jetpack_sharing_enabled":true,"_links":{"self":[{"href":"https:\/\/cristinasantiagocentroestetico.es\/eu\/wp-json\/wp\/v2\/pages\/3470","targetHints":{"allow":["GET"]}}],"collection":[{"href":"https:\/\/cristinasantiagocentroestetico.es\/eu\/wp-json\/wp\/v2\/pages"}],"about":[{"href":"https:\/\/cristinasantiagocentroestetico.es\/eu\/wp-json\/wp\/v2\/types\/page"}],"author":[{"embeddable":true,"href":"https:\/\/cristinasantiagocentroestetico.es\/eu\/wp-json\/wp\/v2\/users\/1"}],"replies":[{"embeddable":true,"href":"https:\/\/cristinasantiagocentroestetico.es\/eu\/wp-json\/wp\/v2\/comments?post=3470"}],"version-history":[{"count":16,"href":"https:\/\/cristinasantiagocentroestetico.es\/eu\/wp-json\/wp\/v2\/pages\/3470\/revisions"}],"predecessor-version":[{"id":3496,"href":"https:\/\/cristinasantiagocentroestetico.es\/eu\/wp-json\/wp\/v2\/pages\/3470\/revisions\/3496"}],"wp:featuredmedia":[{"embeddable":true,"href":"https:\/\/cristinasantiagocentroestetico.es\/eu\/wp-json\/wp\/v2\/media\/38"}],"wp:attachment":[{"href":"https:\/\/cristinasantiagocentroestetico.es\/eu\/wp-json\/wp\/v2\/media?parent=3470"}],"curies":[{"name":"wp","href":"https:\/\/api.w.org\/{rel}","templated":true}]}}

<div data-elementor-type="wp-page" data-elementor-id="3470" class="elementor elementor-3470" data-elementor-post-type="page">
						<section class="elementor-section elementor-top-section elementor-element elementor-element-b89239a elementor-section-boxed elementor-section-height-default elementor-section-height-default" data-id="b89239a" data-element_type="section" data-e-type="section" data-settings="{&quot;background_background&quot;:&quot;classic&quot;}">
							<div class="elementor-background-overlay"></div>
							<div class="elementor-container elementor-column-gap-default">
					<div class="elementor-column elementor-col-100 elementor-top-column elementor-element elementor-element-b2f18ac" data-id="b2f18ac" data-element_type="column" data-e-type="column">
			<div class="elementor-widget-wrap">
							</div>
		</div>
					</div>
		</section>
		<div class="elementor-element elementor-element-8f7c639 e-flex e-con-boxed e-con e-parent" data-id="8f7c639" data-element_type="container" data-e-type="container">
					<div class="e-con-inner">
				<div class="elementor-element elementor-element-1acff0a elementor-widget elementor-widget-spacer" data-id="1acff0a" data-element_type="widget" data-e-type="widget" data-widget_type="spacer.default">
				<div class="elementor-widget-container">
							<div class="elementor-spacer">
			<div class="elementor-spacer-inner"></div>
		</div>
						</div>
				</div>
					</div>
				</div>
		<div class="elementor-element elementor-element-502237a e-flex e-con-boxed e-con e-parent" data-id="502237a" data-element_type="container" data-e-type="container">
					<div class="e-con-inner">
				<div class="elementor-element elementor-element-8b391ad elementor-widget elementor-widget-heading" data-id="8b391ad" data-element_type="widget" data-e-type="widget" data-widget_type="heading.default">
				<div class="elementor-widget-container">
					<h2 class="elementor-heading-title elementor-size-default">Ceras: caliente y fria</h2>				</div>
				</div>
					</div>
				</div>
		<div class="elementor-element elementor-element-a857f02 e-flex e-con-boxed e-con e-parent" data-id="a857f02" data-element_type="container" data-e-type="container">
					<div class="e-con-inner">
				<div class="elementor-element elementor-element-4123ead elementor-widget-divider--view-line elementor-widget elementor-widget-divider" data-id="4123ead" data-element_type="widget" data-e-type="widget" data-widget_type="divider.default">
				<div class="elementor-widget-container">
							<div class="elementor-divider">
			<span class="elementor-divider-separator">
						</span>
		</div>
						</div>
				</div>
					</div>
				</div>
		<div class="elementor-element elementor-element-86478fb e-flex e-con-boxed e-con e-parent" data-id="86478fb" data-element_type="container" data-e-type="container">
					<div class="e-con-inner">
				<div class="elementor-element elementor-element-45bc193 elementor-widget elementor-widget-text-editor" data-id="45bc193" data-element_type="widget" data-e-type="widget" data-widget_type="text-editor.default">
				<div class="elementor-widget-container">
									<p>La depilación con cera caliente es ideal para eliminar el vello más grueso, pero el proceso lleva más tiempo que la depilación con cera fría. </p><p>A largo plazo, la depilación con cera requerirá menos tratamientos, por lo que tu piel estará más cuidada que en el caso de la cuchilla</p>								</div>
				</div>
					</div>
				</div>
		<div class="elementor-element elementor-element-492438a e-flex e-con-boxed e-con e-parent" data-id="492438a" data-element_type="container" data-e-type="container">
					<div class="e-con-inner">
		<div class="elementor-element elementor-element-f96d4cc e-con-full e-flex e-con e-child" data-id="f96d4cc" data-element_type="container" data-e-type="container">
				<div class="elementor-element elementor-element-10d3744 elementor-widget elementor-widget-image" data-id="10d3744" data-element_type="widget" data-e-type="widget" data-widget_type="image.default">
				<div class="elementor-widget-container">
															<img fetchpriority="high" decoding="async" width="800" height="533" src="https://cristinasantiagocentroestetico.es/wp-content/uploads/2023/12/close-up-of-cosmetologist-that-heating-wax-1024x682.jpg" class="attachment-large size-large wp-image-3476" alt="Close up of cosmetologist that heating wax" srcset="https://cristinasantiagocentroestetico.es/wp-content/uploads/2023/12/close-up-of-cosmetologist-that-heating-wax-1024x682.jpg 1024w, https://cristinasantiagocentroestetico.es/wp-content/uploads/2023/12/close-up-of-cosmetologist-that-heating-wax-600x400.jpg 600w, https://cristinasantiagocentroestetico.es/wp-content/uploads/2023/12/close-up-of-cosmetologist-that-heating-wax-300x200.jpg 300w, https://cristinasantiagocentroestetico.es/wp-content/uploads/2023/12/close-up-of-cosmetologist-that-heating-wax-768x512.jpg 768w, https://cristinasantiagocentroestetico.es/wp-content/uploads/2023/12/close-up-of-cosmetologist-that-heating-wax-1536x1024.jpg 1536w, https://cristinasantiagocentroestetico.es/wp-content/uploads/2023/12/close-up-of-cosmetologist-that-heating-wax-18x12.jpg 18w, https://cristinasantiagocentroestetico.es/wp-content/uploads/2023/12/close-up-of-cosmetologist-that-heating-wax.jpg 2000w" sizes="(max-width: 800px) 100vw, 800px" />															</div>
				</div>
				</div>
		<div class="elementor-element elementor-element-d5e14a8 e-con-full e-flex e-con e-child" data-id="d5e14a8" data-element_type="container" data-e-type="container">
				<div class="elementor-element elementor-element-fd3d35d elementor-widget elementor-widget-image" data-id="fd3d35d" data-element_type="widget" data-e-type="widget" data-widget_type="image.default">
				<div class="elementor-widget-container">
															<img decoding="async" width="800" height="533" src="https://cristinasantiagocentroestetico.es/wp-content/uploads/2023/12/female-legs-hair-removal-with-wax-in-beauty-salon-1024x682.jpg" class="attachment-large size-large wp-image-3477" alt="female legs hair removal with wax in beauty salon" srcset="https://cristinasantiagocentroestetico.es/wp-content/uploads/2023/12/female-legs-hair-removal-with-wax-in-beauty-salon-1024x682.jpg 1024w, https://cristinasantiagocentroestetico.es/wp-content/uploads/2023/12/female-legs-hair-removal-with-wax-in-beauty-salon-600x400.jpg 600w, https://cristinasantiagocentroestetico.es/wp-content/uploads/2023/12/female-legs-hair-removal-with-wax-in-beauty-salon-300x200.jpg 300w, https://cristinasantiagocentroestetico.es/wp-content/uploads/2023/12/female-legs-hair-removal-with-wax-in-beauty-salon-768x512.jpg 768w, https://cristinasantiagocentroestetico.es/wp-content/uploads/2023/12/female-legs-hair-removal-with-wax-in-beauty-salon-1536x1024.jpg 1536w, https://cristinasantiagocentroestetico.es/wp-content/uploads/2023/12/female-legs-hair-removal-with-wax-in-beauty-salon-18x12.jpg 18w, https://cristinasantiagocentroestetico.es/wp-content/uploads/2023/12/female-legs-hair-removal-with-wax-in-beauty-salon.jpg 2000w" sizes="(max-width: 800px) 100vw, 800px" />															</div>
				</div>
				</div>
					</div>
				</div>
				</div>

<p>Ceras: caliente y fria La depilación con cera caliente es ideal para eliminar el vello más grueso, pero el proceso lleva más tiempo que la depilación con cera fría.  A largo plazo, la depilación con cera requerirá menos tratamientos, por lo que tu piel estará más cuidada que en el caso de la cuchilla</p>
