{"id":971,"date":"2023-10-02T14:22:30","date_gmt":"2023-10-02T14:22:30","guid":{"rendered":"https:\/\/web4.rkinformatika.net\/cristinasantiagocentroestetico\/?page_id=971"},"modified":"2023-12-28T16:34:05","modified_gmt":"2023-12-28T16:34:05","slug":"invitados-invitadas","status":"publish","type":"page","link":"https:\/\/cristinasantiagocentroestetico.es\/eu\/invitados-invitadas\/","title":{"rendered":"invitados \/ invitadas"},"content":{"rendered":"<div data-elementor-type=\"wp-page\" data-elementor-id=\"971\" class=\"elementor elementor-971\" data-elementor-post-type=\"page\">\n\t\t\t\t\t\t<section class=\"elementor-section elementor-top-section elementor-element elementor-element-b89239a elementor-section-boxed elementor-section-height-default elementor-section-height-default\" data-id=\"b89239a\" data-element_type=\"section\" data-e-type=\"section\" data-settings=\"{&quot;background_background&quot;:&quot;classic&quot;}\">\n\t\t\t\t\t\t\t<div class=\"elementor-background-overlay\"><\/div>\n\t\t\t\t\t\t\t<div class=\"elementor-container elementor-column-gap-default\">\n\t\t\t\t\t<div class=\"elementor-column elementor-col-100 elementor-top-column elementor-element elementor-element-b2f18ac\" data-id=\"b2f18ac\" data-element_type=\"column\" data-e-type=\"column\">\n\t\t\t<div class=\"elementor-widget-wrap\">\n\t\t\t\t\t\t\t<\/div>\n\t\t<\/div>\n\t\t\t\t\t<\/div>\n\t\t<\/section>\n\t\t<div class=\"elementor-element elementor-element-8ab39f9 e-flex e-con-boxed e-con e-parent\" data-id=\"8ab39f9\" data-element_type=\"container\" data-e-type=\"container\">\n\t\t\t\t\t<div class=\"e-con-inner\">\n\t\t\t\t<div class=\"elementor-element elementor-element-4733945 elementor-widget elementor-widget-spacer\" data-id=\"4733945\" data-element_type=\"widget\" data-e-type=\"widget\" data-widget_type=\"spacer.default\">\n\t\t\t\t<div class=\"elementor-widget-container\">\n\t\t\t\t\t\t\t<div class=\"elementor-spacer\">\n\t\t\t<div class=\"elementor-spacer-inner\"><\/div>\n\t\t<\/div>\n\t\t\t\t\t\t<\/div>\n\t\t\t\t<\/div>\n\t\t\t\t\t<\/div>\n\t\t\t\t<\/div>\n\t\t<div class=\"elementor-element elementor-element-cc19bb3 e-flex e-con-boxed e-con e-parent\" data-id=\"cc19bb3\" data-element_type=\"container\" data-e-type=\"container\">\n\t\t\t\t\t<div class=\"e-con-inner\">\n\t\t\t\t<div class=\"elementor-element elementor-element-38cd24e elementor-widget-tablet__width-initial elementor-widget elementor-widget-heading\" data-id=\"38cd24e\" data-element_type=\"widget\" data-e-type=\"widget\" data-widget_type=\"heading.default\">\n\t\t\t\t<div class=\"elementor-widget-container\">\n\t\t\t\t\t<h2 class=\"elementor-heading-title elementor-size-default\">Invitad@s<\/h2>\t\t\t\t<\/div>\n\t\t\t\t<\/div>\n\t\t\t\t\t<\/div>\n\t\t\t\t<\/div>\n\t\t<div class=\"elementor-element elementor-element-f9b8d8a e-flex e-con-boxed e-con e-parent\" data-id=\"f9b8d8a\" data-element_type=\"container\" data-e-type=\"container\">\n\t\t\t\t\t<div class=\"e-con-inner\">\n\t\t\t\t<div class=\"elementor-element elementor-element-e38b444 elementor-widget-divider--view-line elementor-widget elementor-widget-divider\" data-id=\"e38b444\" data-element_type=\"widget\" data-e-type=\"widget\" data-widget_type=\"divider.default\">\n\t\t\t\t<div class=\"elementor-widget-container\">\n\t\t\t\t\t\t\t<div class=\"elementor-divider\">\n\t\t\t<span class=\"elementor-divider-separator\">\n\t\t\t\t\t\t<\/span>\n\t\t<\/div>\n\t\t\t\t\t\t<\/div>\n\t\t\t\t<\/div>\n\t\t\t\t\t<\/div>\n\t\t\t\t<\/div>\n\t\t<div class=\"elementor-element elementor-element-6dacdda e-flex e-con-boxed elementor-invisible e-con e-parent\" data-id=\"6dacdda\" data-element_type=\"container\" data-e-type=\"container\" data-settings=\"{&quot;animation&quot;:&quot;fadeInUp&quot;}\">\n\t\t\t\t\t<div class=\"e-con-inner\">\n\t\t<div class=\"elementor-element elementor-element-c740f3d e-con-full e-flex e-con e-child\" data-id=\"c740f3d\" data-element_type=\"container\" data-e-type=\"container\">\n\t\t\t\t<div class=\"elementor-element elementor-element-2512a32 elementor-widget elementor-widget-text-editor\" data-id=\"2512a32\" data-element_type=\"widget\" data-e-type=\"widget\" data-widget_type=\"text-editor.default\">\n\t\t\t\t<div class=\"elementor-widget-container\">\n\t\t\t\t\t\t\t\t\t<p>En nuestro centro contamos con personal cualificado y una larga experiencia en realzar la belleza de cada persona. M\u00e1s de 35 a\u00f1os de experiencia nos respaldan, y es que en Cristina Centro Est\u00e9tico estamos seguras de poder ofrecerte los mejores cuidados para un d\u00eda tan especial y estar radiante en ese d\u00eda.<\/p>\t\t\t\t\t\t\t\t<\/div>\n\t\t\t\t<\/div>\n\t\t\t\t<\/div>\n\t\t\t\t\t<\/div>\n\t\t\t\t<\/div>\n\t\t<div class=\"elementor-element elementor-element-47a4cad e-flex e-con-boxed e-con e-parent\" data-id=\"47a4cad\" data-element_type=\"container\" data-e-type=\"container\">\n\t\t\t\t\t<div class=\"e-con-inner\">\n\t\t<div class=\"elementor-element elementor-element-608a5a4 e-con-full e-flex e-con e-child\" data-id=\"608a5a4\" data-element_type=\"container\" data-e-type=\"container\">\n\t\t\t\t<div class=\"elementor-element elementor-element-b3348c4 elementor-widget elementor-widget-image\" data-id=\"b3348c4\" data-element_type=\"widget\" data-e-type=\"widget\" data-widget_type=\"image.default\">\n\t\t\t\t<div class=\"elementor-widget-container\">\n\t\t\t\t\t\t\t\t\t\t\t\t\t\t\t<img fetchpriority=\"high\" decoding=\"async\" width=\"800\" height=\"600\" src=\"https:\/\/cristinasantiagocentroestetico.es\/wp-content\/uploads\/2023\/12\/P5280009-1024x768.jpg\" class=\"attachment-large size-large wp-image-2957\" alt=\"\" srcset=\"https:\/\/cristinasantiagocentroestetico.es\/wp-content\/uploads\/2023\/12\/P5280009-1024x768.jpg 1024w, https:\/\/cristinasantiagocentroestetico.es\/wp-content\/uploads\/2023\/12\/P5280009-600x450.jpg 600w, https:\/\/cristinasantiagocentroestetico.es\/wp-content\/uploads\/2023\/12\/P5280009-300x225.jpg 300w, https:\/\/cristinasantiagocentroestetico.es\/wp-content\/uploads\/2023\/12\/P5280009-768x576.jpg 768w, https:\/\/cristinasantiagocentroestetico.es\/wp-content\/uploads\/2023\/12\/P5280009-1536x1152.jpg 1536w, https:\/\/cristinasantiagocentroestetico.es\/wp-content\/uploads\/2023\/12\/P5280009-16x12.jpg 16w, https:\/\/cristinasantiagocentroestetico.es\/wp-content\/uploads\/2023\/12\/P5280009.jpg 2048w\" sizes=\"(max-width: 800px) 100vw, 800px\" \/>\t\t\t\t\t\t\t\t\t\t\t\t\t\t\t<\/div>\n\t\t\t\t<\/div>\n\t\t\t\t<\/div>\n\t\t\t\t\t<\/div>\n\t\t\t\t<\/div>\n\t\t\t\t<\/div>","protected":false},"excerpt":{"rendered":"<p>Invitad@s En nuestro centro contamos con personal cualificado y una larga experiencia en realzar la belleza de cada persona. M\u00e1s de 35 a\u00f1os de experiencia nos respaldan, y es que en Cristina Centro Est\u00e9tico estamos seguras de poder ofrecerte los mejores cuidados para un d\u00eda tan especial y estar radiante en ese d\u00eda.<\/p>","protected":false},"author":1,"featured_media":38,"parent":0,"menu_order":0,"comment_status":"closed","ping_status":"closed","template":"elementor_canvas","meta":{"footnotes":""},"class_list":["post-971","page","type-page","status-publish","has-post-thumbnail","hentry"],"jetpack_sharing_enabled":true,"_links":{"self":[{"href":"https:\/\/cristinasantiagocentroestetico.es\/eu\/wp-json\/wp\/v2\/pages\/971","targetHints":{"allow":["GET"]}}],"collection":[{"href":"https:\/\/cristinasantiagocentroestetico.es\/eu\/wp-json\/wp\/v2\/pages"}],"about":[{"href":"https:\/\/cristinasantiagocentroestetico.es\/eu\/wp-json\/wp\/v2\/types\/page"}],"author":[{"embeddable":true,"href":"https:\/\/cristinasantiagocentroestetico.es\/eu\/wp-json\/wp\/v2\/users\/1"}],"replies":[{"embeddable":true,"href":"https:\/\/cristinasantiagocentroestetico.es\/eu\/wp-json\/wp\/v2\/comments?post=971"}],"version-history":[{"count":70,"href":"https:\/\/cristinasantiagocentroestetico.es\/eu\/wp-json\/wp\/v2\/pages\/971\/revisions"}],"predecessor-version":[{"id":3853,"href":"https:\/\/cristinasantiagocentroestetico.es\/eu\/wp-json\/wp\/v2\/pages\/971\/revisions\/3853"}],"wp:featuredmedia":[{"embeddable":true,"href":"https:\/\/cristinasantiagocentroestetico.es\/eu\/wp-json\/wp\/v2\/media\/38"}],"wp:attachment":[{"href":"https:\/\/cristinasantiagocentroestetico.es\/eu\/wp-json\/wp\/v2\/media?parent=971"}],"curies":[{"name":"wp","href":"https:\/\/api.w.org\/{rel}","templated":true}]}}

<div data-elementor-type="wp-page" data-elementor-id="971" class="elementor elementor-971" data-elementor-post-type="page">
						<section class="elementor-section elementor-top-section elementor-element elementor-element-b89239a elementor-section-boxed elementor-section-height-default elementor-section-height-default" data-id="b89239a" data-element_type="section" data-e-type="section" data-settings="{&quot;background_background&quot;:&quot;classic&quot;}">
							<div class="elementor-background-overlay"></div>
							<div class="elementor-container elementor-column-gap-default">
					<div class="elementor-column elementor-col-100 elementor-top-column elementor-element elementor-element-b2f18ac" data-id="b2f18ac" data-element_type="column" data-e-type="column">
			<div class="elementor-widget-wrap">
							</div>
		</div>
					</div>
		</section>
		<div class="elementor-element elementor-element-8ab39f9 e-flex e-con-boxed e-con e-parent" data-id="8ab39f9" data-element_type="container" data-e-type="container">
					<div class="e-con-inner">
				<div class="elementor-element elementor-element-4733945 elementor-widget elementor-widget-spacer" data-id="4733945" data-element_type="widget" data-e-type="widget" data-widget_type="spacer.default">
				<div class="elementor-widget-container">
							<div class="elementor-spacer">
			<div class="elementor-spacer-inner"></div>
		</div>
						</div>
				</div>
					</div>
				</div>
		<div class="elementor-element elementor-element-cc19bb3 e-flex e-con-boxed e-con e-parent" data-id="cc19bb3" data-element_type="container" data-e-type="container">
					<div class="e-con-inner">
				<div class="elementor-element elementor-element-38cd24e elementor-widget-tablet__width-initial elementor-widget elementor-widget-heading" data-id="38cd24e" data-element_type="widget" data-e-type="widget" data-widget_type="heading.default">
				<div class="elementor-widget-container">
					<h2 class="elementor-heading-title elementor-size-default">Invitad@s</h2>				</div>
				</div>
					</div>
				</div>
		<div class="elementor-element elementor-element-f9b8d8a e-flex e-con-boxed e-con e-parent" data-id="f9b8d8a" data-element_type="container" data-e-type="container">
					<div class="e-con-inner">
				<div class="elementor-element elementor-element-e38b444 elementor-widget-divider--view-line elementor-widget elementor-widget-divider" data-id="e38b444" data-element_type="widget" data-e-type="widget" data-widget_type="divider.default">
				<div class="elementor-widget-container">
							<div class="elementor-divider">
			<span class="elementor-divider-separator">
						</span>
		</div>
						</div>
				</div>
					</div>
				</div>
		<div class="elementor-element elementor-element-6dacdda e-flex e-con-boxed elementor-invisible e-con e-parent" data-id="6dacdda" data-element_type="container" data-e-type="container" data-settings="{&quot;animation&quot;:&quot;fadeInUp&quot;}">
					<div class="e-con-inner">
		<div class="elementor-element elementor-element-c740f3d e-con-full e-flex e-con e-child" data-id="c740f3d" data-element_type="container" data-e-type="container">
				<div class="elementor-element elementor-element-2512a32 elementor-widget elementor-widget-text-editor" data-id="2512a32" data-element_type="widget" data-e-type="widget" data-widget_type="text-editor.default">
				<div class="elementor-widget-container">
									<p>En nuestro centro contamos con personal cualificado y una larga experiencia en realzar la belleza de cada persona. Más de 35 años de experiencia nos respaldan, y es que en Cristina Centro Estético estamos seguras de poder ofrecerte los mejores cuidados para un día tan especial y estar radiante en ese día.</p>								</div>
				</div>
				</div>
					</div>
				</div>
		<div class="elementor-element elementor-element-47a4cad e-flex e-con-boxed e-con e-parent" data-id="47a4cad" data-element_type="container" data-e-type="container">
					<div class="e-con-inner">
		<div class="elementor-element elementor-element-608a5a4 e-con-full e-flex e-con e-child" data-id="608a5a4" data-element_type="container" data-e-type="container">
				<div class="elementor-element elementor-element-b3348c4 elementor-widget elementor-widget-image" data-id="b3348c4" data-element_type="widget" data-e-type="widget" data-widget_type="image.default">
				<div class="elementor-widget-container">
															<img fetchpriority="high" decoding="async" width="800" height="600" src="https://cristinasantiagocentroestetico.es/wp-content/uploads/2023/12/P5280009-1024x768.jpg" class="attachment-large size-large wp-image-2957" alt="" srcset="https://cristinasantiagocentroestetico.es/wp-content/uploads/2023/12/P5280009-1024x768.jpg 1024w, https://cristinasantiagocentroestetico.es/wp-content/uploads/2023/12/P5280009-600x450.jpg 600w, https://cristinasantiagocentroestetico.es/wp-content/uploads/2023/12/P5280009-300x225.jpg 300w, https://cristinasantiagocentroestetico.es/wp-content/uploads/2023/12/P5280009-768x576.jpg 768w, https://cristinasantiagocentroestetico.es/wp-content/uploads/2023/12/P5280009-1536x1152.jpg 1536w, https://cristinasantiagocentroestetico.es/wp-content/uploads/2023/12/P5280009-16x12.jpg 16w, https://cristinasantiagocentroestetico.es/wp-content/uploads/2023/12/P5280009.jpg 2048w" sizes="(max-width: 800px) 100vw, 800px" />															</div>
				</div>
				</div>
					</div>
				</div>
				</div>

<p>Invitad@s En nuestro centro contamos con personal cualificado y una larga experiencia en realzar la belleza de cada persona. Más de 35 años de experiencia nos respaldan, y es que en Cristina Centro Estético estamos seguras de poder ofrecerte los mejores cuidados para un día tan especial y estar radiante en ese día.</p>
